= 1 + 6 - 4 + 0*b**2 - b**2. What is the units digit of s(0)?
3
Let v = 304 - 202. What is the units digit of v?
2
Suppose 0 = -2*v - 0*v. Suppose -8 + 28 = -5*t, v = -3*o + t + 16. What is the units digit of o?
4
Let a(i) = 24*i - 17. What is the units digit of a(8)?
5
Let w(b) = b**2 - b. Let a = -14 + 18. What is the units digit of w(a)?
2
Suppose 3*c - 112 = -5*m, -c + m + 19 = -m. What is the tens digit of c?
2
Let b(n) = 6*n + 20. What is the units digit of b(5)?
0
Suppose -2*q + 28 = 88. Let x(u) = -u**3 + 2*u**2 + 4*u + 4. Let l be x(4). What is the units digit of q/(-4)*l/(-10)?
9
Let i = -377 - -694. What is the units digit of i?
7
Suppose 4 - 208 = -4*c. What is the tens digit of c?
5
Suppose -10 = -2*m - 0*m. Suppose q - 178 = -m*f, f + 2*f - 5*q - 90 = 0. What is the tens digit of f?
3
Suppose 3*u - 9 = -0*u. Suppose -2*d + 3 = -u. What is the units digit of d?
3
Suppose 3*g - 51 = w, w + 4 = -2*g - 47. Let v = -25 - w. What is the units digit of v?
6
Let w = 145 - 102. What is the tens digit of w?
4
What is the units digit of 1074/45 + (-2)/(-15)?
4
Let z(l) = -6*l - 10. What is the tens digit of z(-17)?
9
Suppose w + 10 = s, -54 = -5*s - 0*s + w. What is the tens digit of s?
1
Suppose l = -2*l + 12. Suppose 2*m = -l*h + 16, 0 = -2*h - 2*h + 2*m + 32. Suppose -3*i + 6 = -h. What is the units digit of i?
4
Let v(k) = -k**3 - 7*k**2 - 3*k - 5. Let d be (2 - 10) + (-1 - -2). What is the tens digit of v(d)?
1
Suppose 4*i - i + 125 = 4*u, -3*i - 61 = -2*u. What is the units digit of u?
2
Let n(i) = -i**3 - i**2 - i - 3. Let f be n(-3). Suppose -2*z + q - 7 = -7*z, f = 3*z - 4*q. Let m = 5 + z. What is the units digit of m?
7
Let l be (-62)/(-22) + (-4)/(-22). Suppose -l*h - 5*g + 20 - 3 = 0, 4*h - 38 = g. What is the units digit of h?
9
Suppose 3*g + 24 = p, -2*g - 15 = 3*g. What is the units digit of p?
5
Suppose 3*g + 25 = -17. Let q = g + 21. What is the units digit of q?
7
Suppose -3*n + 33 = -9. What is the tens digit of n?
1
Let y(q) = q**2 + 6*q + 1. Suppose 5*v - f - 18 = 0, 4*v = -0*v + 3*f + 21. Suppose -3*n - v = -2*k - 27, 4*k = -2*n - 16. What is the units digit of y(k)?
1
Suppose 0 = 3*s - 90 - 9. What is the tens digit of s?
3
Let a = 81 - 45. What is the tens digit of a?
3
Let b(x) = -x - 3. Let u be b(-7). Suppose w = u*w + 2*v - 25, -w = -v. What is the units digit of w?
5
Suppose 0 = -r + 4. Suppose -r*a + 3*a + 10 = 0. What is the tens digit of a?
1
Suppose 50 = 5*z + 5*j, 32 = 2*z + 5*j - 0*j. Suppose 3*b - 7 = z*i - 2*i, -5*i = -b - 16. Let x = b + 0. What is the units digit of x?
9
What is the tens digit of 725/35 - 2/(-7)?
2
Let a = 124 - 88. What is the tens digit of a?
3
Let j = -13 - -20. Suppose -1 + j = 3*p. Suppose -3*t + 2*r = -15, -t = -4*r - 3 - p. What is the units digit of t?
5
Suppose 0 = -2*w + 7*w + 4*l - 1417, -2*w = 3*l - 571. What is the tens digit of w?
8
Let y be (3 + -4)*2/(-2). What is the units digit of (-2 + y)/((-2)/2)?
1
Let f = 9 + -10. Let n(h) = -14*h - 1. What is the units digit of n(f)?
3
Suppose -4*f - k + 12 = -0*f, 12 = 4*f - 5*k. Suppose -2*b = b - 9. Suppose -5*z = -2*i + f*i - 43, -49 = -5*z - b*i. What is the units digit of z?
8
What is the hundreds digit of 2/((-24)/(-1886)) - 38/228?
1
Let x = 5 - 1. Suppose -4*w + 34 = n, 4*w + 61 = -x*n + 185. What is the units digit of n?
0
Suppose -284 = -4*y - 52. What is the units digit of y?
8
Let q(x) be the second derivative of x**5/20 - x**4/2 + x**3 + x**2 - x. Let m be q(5). Suppose 4*u = 9 + m. What is the units digit of u?
4
Let z be (-192)/9*(-6)/4. Suppose z = 3*i - 19. What is the tens digit of i?
1
Suppose -4*n - 106 + 626 = 0. What is the tens digit of n?
3
Let x = 3 - -2. Suppose 5*k - x*g + 8 = 83, -3*k + 5*g + 39 = 0. What is the units digit of k?
8
Let g(h) = -2*h**2 - h. Let f be g(-2). Let l(a) = a**3 + 5*a**2 + 4*a - 6. Let j be l(f). What is the tens digit of ((-3)/6)/(3/j)?
1
Let a(g) be the second derivative of -g**6/120 - g**4/24 + 5*g**3/3 - 3*g**2/2 - 3*g. Let w(z) be the first derivative of a(z). What is the units digit of w(0)?
0
Let n(c) = 5*c + 10. Let m be n(8). Suppose -5*i - x = -m, 5*i + 3*x = 2*i + 30. What is the tens digit of i?
1
Let y(u) = -14*u - 1. Let f be y(-2). Suppose f = 2*h - 3. Suppose r + h = 6*r. What is the units digit of r?
3
Suppose 3*j - 5*s + 6*s = 7, -2*j + 4*s = 0. Suppose -5*g + 90 = 5*n, 4*g + 48 = j*n + 2*n. What is the tens digit of n?
1
What is the tens digit of 6/9 - 1/(9/(-1245))?
3
Suppose f = 4*g - 49, 1 = -2*f + f. Let o = 43 - g. What is the tens digit of o?
3
Let n be (-2)/(-7) - 2/7. Let x = 16 + n. What is the tens digit of x?
1
Let m(i) = -i**2 - 6*i. Let t be m(-5). Suppose -108 = -t*k + 12. Suppose -7*j = -3*j - k. What is the units digit of j?
6
What is the units digit of (1 - 74/(-10)) + 18/(-45)?
8
Let p(q) = 2*q + 15. Let i(l) = -l - 8. Let t(a) = -5*i(a) - 2*p(a). What is the tens digit of t(12)?
2
Let n = 25 + -7. What is the units digit of n?
8
Let x be (1*8)/2*-1. Let u(c) be the third derivative of -c**4/12 - c**3/6 + 3*c**2. What is the units digit of u(x)?
7
Let g = -4 + 22. What is the units digit of g?
8
Let z(i) = 2*i - 5. Let f = -16 + 22. Let u be z(f). Suppose 2*o + 3 - u = 0. What is the units digit of o?
2
Let g(u) = 1 - 4 - 3 - 2*u - 6*u**2 - u**3. Let b be g(-6). Let n(s) = 2*s - 5. What is the units digit of n(b)?
7
Let q = 39 + -18. Suppose 2*r - 53 = -q. What is the units digit of r?
6
Let h = 131 - 88. What is the tens digit of h?
4
Let x be ((-2)/1)/((-7)/(-7)). Let c be 9 - x/((-2)/2). Let f = c + -1. What is the units digit of f?
6
Let s = 183 + -30. What is the tens digit of s?
5
Let j(q) = -q**2 + 5*q + 3. Let d be j(4). Suppose u - d = 5. Suppose 3*x - 35 = -z + 1, 4*z = u. What is the tens digit of x?
1
Suppose 3*s + 31 = 2*k, s - 2*k + 0*k = -13. Let h = 5 - s. What is the tens digit of h?
1
Let u = 7 + 17. What is the units digit of u?
4
Let y be 154/3*(-3)/(-2). Suppose 3*n - s - 11 = -y, 0 = -n + s - 22. What is the units digit of 1/((6/n)/(-3))?
1
Let p(w) = 6*w + 39. What is the hundreds digit of p(15)?
1
Let j(o) = -o**2 + 3. Let i be j(0). Suppose 0 = i*z - 4*z + 2. What is the units digit of (3/(-9))/(z/(-84))?
4
Let l(a) = -a + 2. Let p(r) = -r**3 + 4*r**2 + 4*r - 2. Let t be p(5). What is the units digit of l(t)?
9
Let m(c) be the second derivative of -c**3/2 - 4*c**2 - c. Suppose 2*p + 3 = -9. What is the units digit of m(p)?
0
Let r(x) = -x**3 + 8*x**2 - 9*x + 2. What is the units digit of r(6)?
0
Let x be (-23)/(-7) - (-4)/(-14). Suppose 7*n = 2*n - w + 34, -5*n + 18 = -x*w. What is the units digit of n?
6
What is the units digit of (17/(-6) + 8/6)*-54?
1
Let q be (3 - 58)*2 - 1. Let j = q + 155. What is the tens digit of j?
4
Let m(a) = -4*a - 6. What is the units digit of m(-4)?
0
Let t = -8 - -12. Let m be t/6 + 37/3. What is the units digit of (-7)/21 + m/3?
4
Let m(t) = -2*t - 12. Let b be m(-9). Suppose z = -z + b. Suppose -v = -4*v + z. What is the units digit of v?
1
Let c(p) = -p**3 + p**2 + 4*p. What is the units digit of c(-3)?
4
Let s be (33/6 + -2)*-2. Let n = 16 + s. Suppose -4*h = -2*u - 3 + n, 5*h - 3 = u. What is the units digit of u?
7
Suppose 4*x - 2*x - 134 = 0. Let p = x + -44. What is the tens digit of p?
2
Let a(g) = 2*g - 2. Let d be a(4). What is the tens digit of -3*4/d*-16?
3
Suppose 2 = 2*u - u. What is the units digit of -7*-1*(u - -1)?
1
Suppose -3*m + h + 14 + 0 = 0, 2*m - 11 = h. Suppose -m*s + 141 = 21. What is the units digit of s?
0
Suppose -30 + 5 = -5*x. Suppose x*t + 10 = 0, -2*p + 12 = 3*p + 4*t. Suppose l - 5*l = -p. What is the units digit of l?
1
Suppose 4*v - 12 = 6*v. Let t(w) = -w**2 - 9*w. What is the units digit of t(v)?
8
Let m = 51 - -62. What is the tens digit of m?
1
Suppose 58 = -4*w + 5*w. What is the units digit of w?
8
Let g(q) = -q - 5. Let c be g(-6). Let r be (c - (-2)/(-4))*12. What is the units digit of (r/(-9) + -3)*-3?
1
Suppose 0 = -4*v + 29 + 11. Suppose 3*u = v + 11. What is the units digit of u?
7
Let m = 4 + -5. What is the units digit of m/(1 - 3/2)?
2
Suppose -2*m - 2*o - 120 = -4*m, 4*m - 3*o = 240. What is the tens digit of m?
6
Let q = -61 + 33. Let n = -18 - q. What is the units digit of n?
0
Let p(g) = -13*g - 20. What is the units digit 